{"id":2288,"date":"2016-02-05T12:00:30","date_gmt":"2016-02-05T11:00:30","guid":{"rendered":"http:\/\/labergeriedemazee.be\/?page_id=2288"},"modified":"2016-05-25T10:54:18","modified_gmt":"2016-05-25T09:54:18","slug":"le-gite-2","status":"publish","type":"page","link":"https:\/\/labergeriedemazee.be\/index.php\/le-gite-2\/","title":{"rendered":"Le g\u00eete"},"content":{"rendered":"<div class=\"vc_row wpb_row vc_row-fluid\"><div class=\"wpb_column vc_column_container vc_col-sm-12\"><div class=\"wpb_wrapper\">\n\t<div class=\"wpb_text_column wpb_content_element \">\n\t\t<div class=\"wpb_wrapper\">\n\t\t\t<p>G\u00eete rural de 2 chambres, id\u00e9al pour 2 adultes et 2 enfants. Le g\u00eete est \u00e9quip\u00e9 du mat\u00e9riel de pu\u00e9riculture pour accueillir un b\u00e9b\u00e9 (lit parapluie, chaise haute, petite baignoire, babycook\u2026). Avec des soir\u00e9es au coin du feu ou des bains de soleil sur la terrasse, la bergerie de Maz\u00e9e se savoure \u00e0 toutes les saisons\u00a0!<\/p>\n\n\t\t<\/div>\n\t<\/div>\n<\/div><\/div><\/div><div class=\"vc_row wpb_row vc_row-fluid\"><div class=\"wpb_column vc_column_container vc_col-sm-4\"><div class=\"wpb_wrapper\">\n\t<div class=\"wpb_single_image wpb_content_element vc_align_left  wpb_animate_when_almost_visible wpb_top-to-bottom\">\n\t\t<div class=\"wpb_wrapper\">\n\t\t\t\n\t\t\t<a class=\"prettyphoto\" rel=\"prettyPhoto[rel-2288-608193079]\" href=\"https:\/\/labergeriedemazee.be\/wp-content\/uploads\/2016\/02\/DSC06709-1024x768.jpg\" target=\"_self\"><div class=\"vc_single_image-wrapper vc_box_rounded  vc_box_border_grey\"><img class=\"vc_single_image-img \" src=\"https:\/\/labergeriedemazee.be\/wp-content\/uploads\/2016\/02\/DSC06709-350x310.jpg\" width=\"350\" height=\"310\" alt=\"DSC06709\" title=\"DSC06709\" \/><\/div><\/a>\n\t\t<\/div>\n\t<\/div>\n\n\t<div class=\"wpb_text_column wpb_content_element  vc_custom_1456921703428\">\n\t\t<div class=\"wpb_wrapper\">\n\t\t\t<h3>Salon<\/h3>\n<p>Feu ouvert, TV avec lecteur DVD. Films enfants et adultes, livres et jeux de soci\u00e9t\u00e9 \u00e0 disposition.<\/p>\n\n\t\t<\/div>\n\t<\/div>\n<\/div><\/div><div class=\"wpb_column vc_column_container vc_col-sm-4\"><div class=\"wpb_wrapper\">\n\t<div class=\"wpb_single_image wpb_content_element vc_align_left  wpb_animate_when_almost_visible wpb_top-to-bottom\">\n\t\t<div class=\"wpb_wrapper\">\n\t\t\t\n\t\t\t<a class=\"prettyphoto\" rel=\"prettyPhoto[rel-2288-343768972]\" href=\"https:\/\/labergeriedemazee.be\/wp-content\/uploads\/2016\/02\/BERGERIE-7-Large-1-1024x575.jpg\" target=\"_self\"><div class=\"vc_single_image-wrapper vc_box_rounded  vc_box_border_grey\"><img class=\"vc_single_image-img \" src=\"https:\/\/labergeriedemazee.be\/wp-content\/uploads\/2016\/02\/BERGERIE-7-Large-1-350x310.jpg\" width=\"350\" height=\"310\" alt=\"BERGERIE (7) (Large)\" title=\"BERGERIE (7) (Large)\" \/><\/div><\/a>\n\t\t<\/div>\n\t<\/div>\n\n\t<div class=\"wpb_text_column wpb_content_element \">\n\t\t<div class=\"wpb_wrapper\">\n\t\t\t<h3>Cuisine<\/h3>\n<p>Cuisine \u00e9quip\u00e9e avec lave-vaisselle, cuisini\u00e8re, four et micro-ondes. Percolateur, cafeti\u00e8re italienne, grille-pain, et tout le n\u00e9cessaire pour mitonner les d\u00e9lices du terroir.<\/p>\n\n\t\t<\/div>\n\t<\/div>\n<\/div><\/div><div class=\"wpb_column vc_column_container vc_col-sm-4\"><div class=\"wpb_wrapper\">\n\t<div class=\"wpb_single_image wpb_content_element vc_align_left  wpb_animate_when_almost_visible wpb_top-to-bottom\">\n\t\t<div class=\"wpb_wrapper\">\n\t\t\t\n\t\t\t<a class=\"prettyphoto\" rel=\"prettyPhoto[rel-2288-1445880459]\" href=\"https:\/\/labergeriedemazee.be\/wp-content\/uploads\/2016\/03\/CHAMBREPARENTS-746x1024.jpg\" target=\"_self\"><div class=\"vc_single_image-wrapper vc_box_rounded  vc_box_border_grey\"><img class=\"vc_single_image-img \" src=\"https:\/\/labergeriedemazee.be\/wp-content\/uploads\/2016\/03\/CHAMBREPARENTS-350x310.jpg\" width=\"350\" height=\"310\" alt=\"CHAMBREPARENTS\" title=\"CHAMBREPARENTS\" \/><\/div><\/a>\n\t\t<\/div>\n\t<\/div>\n\n\t<div class=\"wpb_text_column wpb_content_element \">\n\t\t<div class=\"wpb_wrapper\">\n\t\t\t<h3>Chambres<\/h3>\n<p>Une chambre avec 1 lit 2 personnes et une chambre avec 2 lits 1 personne (+ lit b\u00e9b\u00e9).<\/p>\n\n\t\t<\/div>\n\t<\/div>\n<\/div><\/div><\/div><div class=\"vc_row wpb_row vc_row-fluid\"><div class=\"wpb_column vc_column_container vc_col-sm-12\"><div class=\"wpb_wrapper\"><div class=\"vc_separator wpb_content_element vc_separator_align_center vc_sep_width_100 vc_sep_pos_align_center vc_separator_no_text vc_sep_color_white\"><span\n\t\tclass=\"vc_sep_holder vc_sep_holder_l\"><span\t\t\tclass=\"vc_sep_line\"><\/span><\/span><span\n\t\tclass=\"vc_sep_holder vc_sep_holder_r\"><span class=\"vc_sep_line\"><\/span><\/span>\n\t<\/div>\n<\/div><\/div><\/div><div class=\"vc_row wpb_row vc_row-fluid\"><div class=\"wpb_column vc_column_container vc_col-sm-4\"><div class=\"wpb_wrapper\">\n\t<div class=\"wpb_single_image wpb_content_element vc_align_left  wpb_animate_when_almost_visible wpb_top-to-bottom\">\n\t\t<div class=\"wpb_wrapper\">\n\t\t\t\n\t\t\t<a class=\"prettyphoto\" rel=\"prettyPhoto[rel-2288-1529705692]\" href=\"https:\/\/labergeriedemazee.be\/wp-content\/uploads\/2016\/02\/DSC00616-576x1024.jpg\" target=\"_self\"><div class=\"vc_single_image-wrapper vc_box_rounded  vc_box_border_grey\"><img class=\"vc_single_image-img \" src=\"https:\/\/labergeriedemazee.be\/wp-content\/uploads\/2016\/02\/DSC00616-350x310.jpg\" width=\"350\" height=\"310\" alt=\"DSC00616\" title=\"DSC00616\" \/><\/div><\/a>\n\t\t<\/div>\n\t<\/div>\n\n\t<div class=\"wpb_text_column wpb_content_element \">\n\t\t<div class=\"wpb_wrapper\">\n\t\t\t<h3>Mat\u00e9riel b\u00e9b\u00e9<\/h3>\n<p>Chaise haute, lit parapluie, baignoire, Babycook, jeux adapt\u00e9s.<\/p>\n\n\t\t<\/div>\n\t<\/div>\n<\/div><\/div><div class=\"wpb_column vc_column_container vc_col-sm-4\"><div class=\"wpb_wrapper\">\n\t<div class=\"wpb_single_image wpb_content_element vc_align_left  wpb_animate_when_almost_visible wpb_top-to-bottom\">\n\t\t<div class=\"wpb_wrapper\">\n\t\t\t\n\t\t\t<a class=\"prettyphoto\" rel=\"prettyPhoto[rel-2288-1883817842]\" href=\"https:\/\/labergeriedemazee.be\/wp-content\/uploads\/2016\/02\/DSC06710-768x1024.jpg\" target=\"_self\"><div class=\"vc_single_image-wrapper vc_box_rounded  vc_box_border_grey\"><img class=\"vc_single_image-img \" src=\"https:\/\/labergeriedemazee.be\/wp-content\/uploads\/2016\/02\/DSC06710-350x310.jpg\" width=\"350\" height=\"310\" alt=\"DSC06710\" title=\"DSC06710\" \/><\/div><\/a>\n\t\t<\/div>\n\t<\/div>\n\n\t<div class=\"wpb_text_column wpb_content_element \">\n\t\t<div class=\"wpb_wrapper\">\n\t\t\t<h3>Espace ext\u00e9rieur<\/h3>\n<p>Terrasse et grand jardin avec trampoline et petit toboggan.<\/p>\n\n\t\t<\/div>\n\t<\/div>\n<\/div><\/div><div class=\"wpb_column vc_column_container vc_col-sm-4\"><div class=\"wpb_wrapper\">\n\t<div class=\"wpb_single_image wpb_content_element vc_align_left  wpb_animate_when_almost_visible wpb_top-to-bottom\">\n\t\t<div class=\"wpb_wrapper\">\n\t\t\t\n\t\t\t<a class=\"prettyphoto\" rel=\"prettyPhoto[rel-2288-1942465028]\" href=\"https:\/\/labergeriedemazee.be\/wp-content\/uploads\/2016\/02\/AGENCEMENT-1024x797.jpg\" target=\"_self\"><div class=\"vc_single_image-wrapper vc_box_rounded  vc_box_border_grey\"><img class=\"vc_single_image-img \" src=\"https:\/\/labergeriedemazee.be\/wp-content\/uploads\/2016\/02\/AGENCEMENT-350x310.jpg\" width=\"350\" height=\"310\" alt=\"AGENCEMENT\" title=\"AGENCEMENT\" \/><\/div><\/a>\n\t\t<\/div>\n\t<\/div>\n\n\t<div class=\"wpb_text_column wpb_content_element \">\n\t\t<div class=\"wpb_wrapper\">\n\t\t\t<h3>Agencement<\/h3>\n<p>L\u2019am\u00e9nagement du g\u00eete combine le charme de l\u2019architecture traditionnelle avec des espaces int\u00e9rieurs g\u00e9n\u00e9reux, ouverts sur la vall\u00e9e.<\/p>\n\n\t\t<\/div>\n\t<\/div>\n<\/div><\/div><\/div>\n","protected":false},"excerpt":{"rendered":"G\u00eete rural de 2 chambres, id\u00e9al pour 2 adultes et 2 enfants. Le g\u00eete est \u00e9quip\u00e9 du mat\u00e9riel de pu\u00e9riculture pour accueillir un b\u00e9b\u00e9 (lit parapluie, chaise haute, petite baignoire, babycook\u2026). Avec des soir\u00e9es au coin du feu ou des bains de soleil sur la terrasse, la bergerie de Maz\u00e9e se savoure \u00e0 toutes les [...]","protected":false},"author":1,"featured_media":0,"parent":0,"menu_order":0,"comment_status":"closed","ping_status":"closed","template":"","meta":[],"_links":{"self":[{"href":"https:\/\/labergeriedemazee.be\/index.php\/wp-json\/wp\/v2\/pages\/2288"}],"collection":[{"href":"https:\/\/labergeriedemazee.be\/index.php\/wp-json\/wp\/v2\/pages"}],"about":[{"href":"https:\/\/labergeriedemazee.be\/index.php\/wp-json\/wp\/v2\/types\/page"}],"author":[{"embeddable":true,"href":"https:\/\/labergeriedemazee.be\/index.php\/wp-json\/wp\/v2\/users\/1"}],"replies":[{"embeddable":true,"href":"https:\/\/labergeriedemazee.be\/index.php\/wp-json\/wp\/v2\/comments?post=2288"}],"version-history":[{"count":18,"href":"https:\/\/labergeriedemazee.be\/index.php\/wp-json\/wp\/v2\/pages\/2288\/revisions"}],"predecessor-version":[{"id":2454,"href":"https:\/\/labergeriedemazee.be\/index.php\/wp-json\/wp\/v2\/pages\/2288\/revisions\/2454"}],"wp:attachment":[{"href":"https:\/\/labergeriedemazee.be\/index.php\/wp-json\/wp\/v2\/media?parent=2288"}],"curies":[{"name":"wp","href":"https:\/\/api.w.org\/{rel}","templated":true}]}}